2627431
List the prime factors of 332118.
2, 3, 18451
List the prime factors of 4318027.
7, 12589
What are the prime factors of 6829550?
2, 5, 7, 13, 19, 79
List the prime factors of 423671.
199, 2129
What are the prime factors of 1448738?
2, 197, 3677
What are the prime factors of 3827384?
2, 11, 23, 31, 61
What are the prime factors of 111694?
2, 11, 5077
What are the prime factors of 17525694?
2, 3, 73, 40013
What are the prime factors of 13882755?
3, 5, 925517
What are the prime factors of 9059835?
3, 5, 603989
List the prime factors of 1073704.
2, 134213
What are the prime factors of 209281?
31, 43, 157
What are the prime factors of 7509623?
11, 53, 1171
What are the prime factors of 400318?
2, 200159
What are the prime factors of 3742381?
1009, 3709
List the prime factors of 3750882.
2, 3, 47, 283
What are the prime factors of 1908630?
2, 3, 5, 7069
What are the prime factors of 101035?
5, 11, 167
List the prime factors of 16324507.
31, 16987
List the prime factors of 517290.
2, 3, 5, 43, 401
List the prime factors of 70503.
3, 71, 331
List the prime factors of 24417991.
13, 139, 13513
List the prime factors of 2005020.
2, 3, 5, 47, 79
List the prime factors of 3542810.
2, 5, 41, 8641
List the prime factors of 23457481.
23457481
List the prime factors of 7788018.
2, 3, 7, 185429
What are the prime factors of 2345563?
11, 23, 73, 127
What are the prime factors of 2900097?
3, 37, 2903
What are the prime factors of 147063?
3, 7, 47, 149
List the prime factors of 1166106.
2, 3, 19, 53, 193
List the prime factors of 19881941.
19881941
What are the prime factors of 3000934?
2, 1500467
What are the prime factors of 519309?
3, 7, 8243
List the prime factors of 548699.
193, 2843
List the prime factors of 1879396.
2, 469849
List the prime factors of 11103602.
2, 5551801
List the prime factors of 297584.
2, 7, 2657
List the prime factors of 19351903.
29, 101, 6607
List the prime factors of 216844.
2, 23, 2357
List the prime factors of 196254.
2, 3, 10903
What are the prime factors of 633106?
2, 79, 4007
What are the prime factors of 2821581?
3, 7, 14929
What are the prime factors of 4242296?
2, 83, 6389
List the prime factors of 10150817.
83, 122299
What are the prime factors of 1308933?
3, 48479
What are the prime factors of 2224559?
2224559
What are the prime factors of 7661159?
11, 353, 1973
List the prime factors of 10394124.
2, 3, 13, 66629
List the prime factors of 6213435.
3, 5, 467, 887
List the prime factors of 1865284.
2, 466321
List the prime factors of 361534.
2, 163, 1109
What are the prime factors of 4554272?
2, 31, 4591
What are the prime factors of 28329478?
2, 14164739
List the prime factors of 245020.
2, 5, 12251
What are the prime factors of 1880828?
2, 470207
What are the prime factors of 1660300?
2, 5, 16603
List the prime factors of 330653.
330653
What are the prime factors of 340444?
2, 13, 6547
What are the prime factors of 3123818?
2, 17, 79, 1163
List the prime factors of 713707.
619, 1153
What are the prime factors of 25229?
25229
List the prime factors of 223112.
2, 167
List the prime factors of 227854.
2, 11, 10357
List the prime factors of 9120389.
37, 246497
List the prime factors of 691402.
2, 345701
List the prime factors of 239721.
3, 79907
What are the prime factors of 2648937?
3, 882979
List the prime factors of 3800836.
2, 13, 19, 3847
List the prime factors of 786305.
5, 13, 12097
List the prime factors of 1512515.
5, 373, 811
List the prime factors of 324508.
2, 31, 2617
What are the prime factors of 24641902?
2, 41, 300511
What are the prime factors of 17843753?
43, 414971
List the prime factors of 927387.
3, 103043
List the prime factors of 132467.
139, 953
What are the prime factors of 101865?
3, 5, 6791
List the prime factors of 4049608.
2, 506201
List the prime factors of 8273269.
47, 103, 1709
List the prime factors of 2038068.
2, 3, 113, 167
What are the prime factors of 12894664?
2, 41, 39313
List the prime factors of 4304175.
3, 5, 57389
What are the prime factors of 369642?
2, 3, 7, 13, 677
What are the prime factors of 7524139?
7, 1074877
What are the prime factors of 2506396?
2, 626599
What are the prime factors of 1241423?
1241423
What are the prime factors of 106609?
19, 31, 181
What are the prime factors of 47455?
5, 9491
List the prime factors of 114569.
7, 13, 1259
What are the prime factors of 17222?
2, 79, 109
What are the prime factors of 2566361?
7, 523, 701
What are the prime factors of 2939303?
367, 8009
List the prime factors of 687685.
5, 137537
What are the prime factors of 9880076?
2, 19, 71, 1831
What are the prime factors of 178997?
7, 13, 281
What are the prime factors of 456172?
2, 114043
List the prime factors of 1297996.
2, 7, 151, 307
What are the prime factors of 144141?
3, 23, 2089
What are the prime factors of 1295651?
7, 271, 683
What are the prime factors of 1122462?
2, 3, 11, 5669
List the prime factors of 2528475.
3, 5, 33713
What are the prime factors of 7956438?
2, 3, 7, 189439
What are the prime factors of 166262?
2, 59, 1409
What are the prime factors of 355653?
3, 43, 919
What are the prime factors of 165618?
2, 3, 3067
List the prime factors of 4812368.
2, 11, 37, 739
What are the prime factors of 680593?
23, 127, 233
List the prime factors of 101533.
101533
What are the prime factors of 5202828?
2, 3, 43, 3361
What are the prime factors of 18292814?
2, 379, 24133
What are the prime factors of 15079?
17, 887
What are the prime factors of 13535?
5, 2707
What are the prime factors of 288964?
2, 13, 5557
List the prime factors of 2777325.
3, 5, 19, 1949
List the prime factors of 24521341.
13, 31, 71, 857
What are the prime factors of 70880?
2, 5, 443
List the prime factors of 223483.
13, 17191
What are the prime factors of 1844411?
1844411
What are the prime factors of 323474?
2, 197, 821
What are the prime factors of 188252?
2, 19, 2477
List the prime factors of 2945772.
2, 3, 47, 1741
List the prime factors of 4653723.
3, 1551241
List the prime factors of 14352719.
47, 305377
What are the prime factors of 3800438?
2, 1900219
What are the prime factors of 213853?
79, 2707
What are the prime factors of 835043?
11, 75913
What are the prime factors of 205353?
3, 22817
List the prime factors of 1405459.
11, 67, 1907
List the prime factors of 2323836.
2, 3, 21517
List the prime factors of 177955.
5, 35591
What are the prime factors of 11905262?
2, 5952631
What are the prime factors of 217175?
5, 7, 17, 73
List the prime factors of 1035497.
283, 3659
List the prime factors of 13590439.
149, 197, 463
What are the prime factors of 375100?
2, 5, 11, 31
List the prime factors of 190730.
2, 5, 19073
List the prime factors of 204310.
2, 5, 20431
List the prime factors of 641059.
71, 9029
What are the prime factors of 520330?
2, 5, 61, 853
List the prime factors of 27644151.
3, 73, 126229
What are the prime factors of 5080862?
2, 2540431
List the prime factors of 239927.
67, 3581
What are the prime factors of 139359?
3, 11, 41, 103
List the prime factors of 26636.
2, 6659
What are the prime factors of 164003?
7, 3347
List the prime factors of 1266888.
2, 3, 7, 7541
What are the prime factors of 24419?
24419
List the prime factors of 277447.
41, 67, 101
List the prime factors of 141427.
11, 13, 23, 43
List the prime factors of 12318953.
12318953
List the prime factors of 125153.
7, 19, 941
List the prime factors of 80152.
2, 43, 233
List the prime factors of 878124.
2, 3, 13, 433
List the prime factors of 295925.
5, 7, 19, 89
What are the prime factors of 77168?
2, 7, 13, 53
List the prime factors of 6756588.
2, 3, 73, 857
What are the prime factors of 142139?
19, 7481
What are the prime factors of 628125?
3, 5, 67
List the prime factors of 350034.
2, 3, 227, 257
What are the prime factors of 83549?
29, 43, 67
What are the prime factors of 1858774?
2, 349, 2663
List the prime factors of 723209.
723209
What are the prime factors of 821324?
2, 7, 29333
What are the prime factors of 7262676?
2, 3, 67247
List the prime factors of 28817.
28817
List the prime factors of 19694923.
23, 856301
List the prime factors of 1068696.
2, 3, 14843
List the prime factors of 224459.
193, 1163
What are the prime factors of 550124?
2, 83, 1657
What are the prime factors of 116300?
2, 5, 1163
Wha